*o. Suppose 7*l + 2*l - n = 0. Is l a composite number?
False
Let c(q) = -40*q - 39. Let m be c(-3). Suppose 83*f = m*f + 422. Is f a composite number?
False
Suppose 63*n - 282701 = -8147. Is n a composite number?
True
Let r = 2052 + -3542. Suppose -3*k + 2*z - 10951 = 0, -3*z + 2790 + 865 = -k. Let t = r - k. Is t prime?
False
Let z = 32296 + 3509. Suppose 0 = 5*i + 4*l - 55712 - z, -5*l - 18286 = -i. Is i composite?
False
Let w = 716770 - 275717. Is w a prime number?
True
Let t(f) = 3*f - 17. Let g be t(6). Let l be 0/((0/1)/g + -2). Suppose l = -4*c + 1417 + 1147. Is c prime?
True
Suppose 46*c - 43*c - 6 = 0. Suppose -5*l - c*a = 26, a = 2*l - 3 + 8. Is (-5)/10 + (-1638)/l a composite number?
False
Let r = 708 - 695. Suppose 47539 = r*x - 100440. Is x composite?
False
Let d(c) = -3*c + 17. Suppose -q = 5*t - 23, 0 = -4*t + 5*q + 16 + 14. Let h be d(t). Suppose -h*x = -b - 210, 4*x + x = -5*b + 540. Is x prime?
False
Suppose -64*i + 9*i - 6*i + 1636813 = 0. Is i composite?
False
Let x = 861913 - 606314. Is x a composite number?
True
Let l be (-2)/1*39/(-6). Suppose 0 = 2*b + 2*w + 2, 2*b = w - 0*w + l. Suppose -12 = b*i, -g + 4*g - 873 = -2*i. Is g prime?
True
Suppose 6*x - 704895 = -g, -5*x - 19 + 14 = 0. Is g composite?
True
Let u(j) = 992*j - 20. Let s be u(-5). Let w = s - -7641. Is 8/28 + w/21 composite?
False
Suppose -l - 117 - 705 = 0. Let r be l/14 + (-18)/63. Let p = r + 146. Is p prime?
False
Suppose 7 = -5*z + 47. Suppose 338 = z*j - 5*j + n, -94 = -j - 5*n. Suppose j = 3*b - 132. Is b a composite number?
True
Suppose -v - 6*v = -14. Is (-221 - v)*(-5 - 2) a composite number?
True
Let s(v) = 13*v + 192. Let d = 326 + -337. Is s(d) a prime number?
False
Let s(u) = -614*u**2 + 8*u + 15. Let v be s(-3). Let r = v - -11490. Is r/6 - 3/2 composite?
False
Let d(o) be the third derivative of -o**6/120 + 29*o**5/30 - 27*o**4/8 - 43*o**3/2 - 151*o**2. Is d(47) a composite number?
True
Let l(y) = 1. Let q(o) = -3*o - 1954. Let u(a) = -5*l(a) + q(a). Let w be u(0). Is (w/9)/(42/45 + -1) a prime number?
False
Let x be -1*-1726*(-8)/((-32)/6). Let j = x + -646. Is j a composite number?
True
Let p be 10/2*(-1 + 0). Let x(z) = 26*z**2 - 29*z + 2. Is x(p) a prime number?
True
Let k(m) = m**3 + 47*m**2 - 16*m + 43. Let i be -6*9/((-36)/16). Is k(i) prime?
False
Let i(k) = 31*k**2 + 2*k - 1. Let z be 0 + (2 - -2) + -4. Suppose p = o + 5, z*o - o - 9 = -3*p. Is i(p) prime?
True
Let j(r) = -14*r**3 + 48*r**2 + 795*r - 5. Is j(-14) a prime number?
False
Let w(p) = 4*p - 36. Let o be w(7). Let r = o + 10. Suppose 2*n = 3*y + 2294, 0*y - r*y + 1133 = n. Is n a prime number?
False
Let m(i) = -4*i**3 + 9*i**2 - 29*i - 215. Is m(-28) prime?
True
Let f be (-2563344)/(-136) - 2/17. Suppose -3*x + 15 = 0, -p - 4*x - f = -5*p. Is p a prime number?
False
Is -16*(-5)/(-440) + (-136193)/(-11) composite?
True
Suppose 3*s - 5*p + 3*p - 4 = 0, 4*p - 28 = -3*s. Let c be (0/s)/(-3) + 4. Suppose -v + 65 = -c*x, -2*v + 3*v + 3*x = 44. Is v a composite number?
False
Is 38 - 40 - (-2 - -1 - 11030) a prime number?
False
Let m = 5695 + 11915. Suppose -17*t = -23*t + m. Is t prime?
False
Suppose -3 = -f + 6. Let o be 261481/44 - (-3)/(-4) - -2. Suppose f*w - 72841 = -o. Is w a prime number?
True
Let w(a) = 1395*a**2 + 15*a - 79. Is w(5) a composite number?
False
Let h(p) = 2*p**2 + 3*p - 61. Let d be h(8). Suppose 4*l - 2532 = -0*l - 4*o, 1271 = 2*l + 3*o. Suppose j - d = l. Is j composite?
False
Let p = -18 + 24. Let t = p - 6. Suppose 5*k = -5*m + 6880, 4*m + t*k = 2*k + 5522. Is m prime?
False
Suppose 32*z - 112405 - 249291 = 0. Suppose 4*k + 13028 = 5*q - z, 0 = 5*q - 3*k - 24332. Is q prime?
False
Suppose 5*q - 163909 = -3*n, -6*q - 98355 = -9*q - 3*n. Is q prime?
False
Let z be 32*(18/4 - 2). Let s = -75 + z. Suppose j - 78 = -s*h + 42, h - 461 = -4*j. Is j a composite number?
True
Let w = 305 + -301. Let v(t) = 97*t**2 + 7*t - 67. Is v(w) composite?
True
Let l(v) = -88052*v + 8619. Is l(-10) a composite number?
False
Let h(k) = -68*k**2 + 27 + 14*k - 73*k**2 + 142*k**2. Let y be h(-12). Suppose 5*f - 106 = 2*b - y*b, -b + 151 = -4*f. Is b composite?
False
Suppose 4*u + 4 - 16 = 0. Let v be (-2 - 20/(-5)) + 499/1. Suppose k - a - v = 0, 5*k + a - 1008 = u*k. Is k a prime number?
True
Suppose 3*w + 17 + 17 = c, 3*c + 3*w = 126. Suppose c - 100 = -6*m. Suppose 0 = -m*d + 4*d + 3102. Is d a prime number?
False
Let b(s) be the second derivative of -s**5/5 - 5*s**4/12 - 11*s**3/3 + s**2 - 68*s. Is b(-5) prime?
True
Let d(k) = 9781*k - 2353. Is d(6) prime?
True
Let j be -5 + (94/30 - 48/360). Is (4 + j)/(6/753) prime?
True
Suppose -3*n + 19763 = 4*c, 4*n - 8 = 12. Suppose c = 6*j - 8233. Is j prime?
False
Suppose -5*a + 269878 = 2*q, -945*a + 950*a + 269938 = 2*q. Is q a prime number?
False
Suppose -2*f = -0*z - 4*z + 11000, 0 = z - 3*f - 2745. Let r = 2686 + z. Is r prime?
True
Suppose 70629*k = 70621*k - 544. Suppose -2*n + 484 = 2*n. Let o = k + n. Is o composite?
False
Let j = -815 - -272964. Is j a composite number?
True
Suppose 79*p = 20*p + 1356587. Is p a composite number?
False
Let s = -17938 - -30891. Is s composite?
False
Suppose 0 = 56*v - 57*v + 2. Suppose c + 13713 = 4*l, 5*l - v*c = l + 13718. Is l a prime number?
False
Suppose 42 = 3*u - 3*z, -z + 10 = u - 4*z. Let w(h) = 10*h**2 + 6*h - 29. Is w(u) prime?
False
Let c be (-4)/6 + 56/21. Let f be (6/4)/((-31)/(-12214)). Is (0 + f + -5)*11/c a prime number?
False
Let j(o) be the third derivative of -o**6/60 - 13*o**5/15 + 3*o**4/8 - 161*o**3/6 - 2*o**2 + 38*o. Is j(-36) prime?
False
Let y be (-4 - (0 + -8)) + 2. Let b(a) = 4712*a + 241. Is b(y) a prime number?
True
Suppose -w + 6*w = 2*n - 2746, 3*n - 2*w - 4130 = 0. Let o = -871 + n. Let f = o + 932. Is f a composite number?
False
Suppose -z + 2*v = 5*v + 19, 17 = -3*z - v. Let o(n) = -276*n**3 - 5*n**2 - 4*n - 31. Is o(z) prime?
True
Let u(f) = 296*f**3 - 15*f**2 + 78*f - 386. Is u(5) a composite number?
False
Let j be (-161)/(-8) + 312/64 + -5. Let t be (-8)/(32/(-12)) - j. Let k(f) = 8*f**2 - 2*f + 65. Is k(t) prime?
True
Let c be 1088/(-14) - ((-1030)/70 + 15). Let q = c - -3719. Is q a prime number?
False
Let q(r) be the second derivative of 0 + 649/2*r**2 + 1/6*r**3 - 20*r. Is q(0) composite?
True
Suppose -18*z + 72*z = 2653182. Is z composite?
True
Suppose 5306584 + 1085671 = -24*t + 109*t. Is t prime?
False
Suppose -3*o = 3, -2*l + 595005 + 75858 = -o. Is l a composite number?
True
Let z(n) be the first derivative of -733*n**4/4 - n**3 + 6*n**2 + 5*n + 31. Is z(-3) composite?
True
Let j(u) = -8*u**3 - 117*u**2 + 29*u + 13. Is j(-34) composite?
False
Let q be 1/((-2)/(1 - -365)). Suppose 0*z - 1416 = 3*z. Let u = q - z. Is u prime?
False
Is (-29)/(-116)*(-4)/6*-566778 a prime number?
True
Let w = 44677 - -61806. Is w composite?
True
Let o(p) = -3*p**3 + 8*p**2 + 25*p + 13. Is o(-11) composite?
True
Let z be 1738/(-66)*-1*15*23. Suppose 5*l - 3*g = -5*g + z, l - 5*g - 1817 = 0. Is l prime?
False
Let t = -74103 - -108015. Let l = -23701 + t. Is l a composite number?
False
Let p be -89*17 + (1 - 3 - -6). Let d = p + 3352. Is d prime?
False
Let u(x) = x**2 - 8*x + 13. Let c be u(3). Is c + (-8)/(-5) + 77311/65 a prime number?
False
Let g(o) = -2*o**3 + 18*o**2 - 21*o - 8. Let w be g(13). Let s = w + 2784. Is s a prime number?
True
Let t(d) = 508*d - 27. Let v(j) = 169*j - 9. Let m(h) = 6*t(h) - 17*v(h). Is m(2) composite?
True
Let u be -18 - -17 - (-1 - (21 + 2)). Suppose -u*s + 55450 = -568747. Is s prime?
False
Suppose 23447541 = 187*h - 148*h. Is h prime?
True
Suppose -2366519 + 6519455 = 24*v. Is v prime?
True
Let p = 573839 - 392890. Is p prime?
True
Let x(w) be the third derivative of -43*w**5/12 - w**4/24 + 19*w**2. Let r be x(1). Let o = r + 653. Is o composite?
True
Suppose 4*t - 28 = 0, 15*t = -5*r + 13*t + 28509. Is r prime?
False
Let j(g) = 61*g**2 - 20*g - 43. Suppose -y = 2, -5*s + 9*y + 70 = 4*y. Is j(s) a prime number?
True
Is (78170 + -5)/1 + (-48)/6 composite?
False
Let v be (-110)/(-9) + 2/(-9). Let w(t) = -27*t - 746. Let p be w(-28). Suppose v*b - p*b = 238. Is b composite?
True
Suppose 0 = -g - 7*n + 4236, -7*g + 21010 = -2*g + n. Is g a composite number?
False
Suppose -224023 = -3*n - 0*x + x, 5*x - 298691 = -4*n. Is n/(2 - 0/(-7